174*t + 113. Let o be l(-79). Calculate the greatest common factor of 9 and o.
9
Suppose 4*w = -f, 0 = 2*w + 3*w + 3*f. Suppose w = -18*q + 86 + 1588. What is the highest common factor of q and 124?
31
Let d(f) = 4*f + 10. Let t be d(8). Suppose t + 63 = 5*x. Suppose -3*l + u + 2*u = -126, -2*u = l - 42. What is the highest common factor of x and l?
21
Let o be 35*2/42*6. Suppose -o + 22 = 4*n. Suppose h + 8 = 9. What is the highest common factor of h and n?
1
Let l(z) = 56*z**2 - 10*z + 16. Suppose 0 = -21*g + 63 - 21. Let b be l(g). Calculate the highest common divisor of b and 165.
55
Let t(m) = -m**3 - 31*m**2 + 87*m + 2539. Let j be t(-32). Calculate the highest common divisor of j and 513.
19
Let k be ((1 + -2)*(17 - 2))/(-1). Let h = k + -18. Let r be 2772/180 - h/(15/(-2)). Calculate the highest common divisor of 3 and r.
3
Let h be -239 - -936 - (-17 - 0). What is the highest common divisor of 34 and h?
34
Let p(w) = 37*w**2 - w. Suppose 6*h + 92 = 8*h. Let d = h + -45. Let o be p(d). What is the highest common divisor of o and 18?
18
Let o = 156 + -127. Let c = -28 + o. Let p(b) = 15*b**2 + 3*b - 1. Let v be p(1). What is the highest common factor of c and v?
1
Let z be (-75 - 38088/(-506))/((-6)/(-220)). Let b(m) = m**2 + 5. Let t be b(0). Calculate the highest common divisor of t and z.
5
Suppose 0 = 5*x + 25, 3*h + 5*x - 8129 = 6*x. Suppose h + 2284 = 13*j. What is the greatest common factor of 32 and j?
32
Let r be 4*((-459)/(-12) + -2). Suppose -v = -y + 29, -3*y = 2*v + 62 - 149. What is the greatest common factor of y and r?
29
Let u be (43888/432)/((-1)/(-3)) - (-16)/72. What is the greatest common factor of u and 20?
5
Let r(s) = -3823*s + 73085. Let a be r(19). Suppose -5*n + 4*l = -90, 3*l + 130 = 5*n + 45. Calculate the greatest common factor of n and a.
14
Let c be ((-14)/(-35) + -14)/((-2)/(-5)*-1). Calculate the greatest common divisor of 2295 and c.
17
Let t(h) = 9*h + 80. Let k be t(-5). Suppose -k*v + 30*v = -1680. What is the greatest common divisor of 16 and v?
16
Let w(b) = b**3 - 27*b**2 + 49*b - 7. Let o be w(25). Let h be ((-11220)/(-32))/3 - 4/o. What is the highest common divisor of 9 and h?
9
Suppose 178*b = 190*b + 1560. Let k be ((-715)/b)/(-1 + 5/4). Let n = 4 + -2. Calculate the greatest common factor of k and n.
2
Let r be 428 - (-1 + 11)/5. Suppose 2*w - r = -0*w. Suppose 0 = w*j - 217*j + 4. Calculate the greatest common divisor of j and 14.
1
Let a = 380 - 346. Let d = a + -30. What is the highest common divisor of 596 and d?
4
Suppose 47*m - 16*m = 1643. Suppose 50*d = m*d - 432. What is the greatest common divisor of d and 16?
16
Suppose -4*h = -15*s + 13*s - 1526, 3*h = 3*s + 1137. What is the highest common divisor of h and 1392?
48
Suppose -y = -146 - 206. Suppose -535*n + 539*n - 5*c - 44 = 0, 3*c - 44 = -4*n. Calculate the highest common factor of n and y.
11
Let n(q) = q**3 + 9*q**2 + 3*q + 2875. Let m be n(0). Calculate the highest common factor of m and 23.
23
Suppose 0 = -4*r + 2*d + 34 + 52, -3*r - d = -77. Let h(x) = -x**3 - 29*x**2 + 129*x - 33. Let a be h(-33). Calculate the highest common factor of r and a.
6
Let q = 27 + 42. Let j be q/1*8/6. Let b be 1/(20/(-560) - (-6)/21). What is the greatest common divisor of b and j?
4
Let j = 2798 + 313. Calculate the highest common divisor of 153 and j.
51
Let b(q) = q**2 + 29*q - 180. Let c be b(7). Calculate the highest common factor of c and 1208.
8
Suppose -u - 3*l + 36 = 0, -4*u + 98 + 18 = 5*l. What is the greatest common divisor of u and 96?
24
Suppose -4*r = t - 458, -76 = -4*r + 3*t + 374. Calculate the greatest common divisor of 551 and r.
19
Suppose -4*y - 3379 = -4*c + 329, -y - 4*c = 947. Let b be y/(-28) + 2/(-8). Calculate the highest common divisor of b and 3.
3
Let o be (-943)/(-5) - (-42)/105. Let b = -179 + o. Suppose -1 + 3 = -w, -2*n + 12 = -w. Calculate the highest common factor of b and n.
5
Let m be (27/45)/(498/165 + -3). Suppose m*h - 1332 - 2034 = 0. What is the highest common factor of 136 and h?
34
Let p(t) = 5*t**2 + 55*t - 116. Let x(s) = -s**2 - 14*s + 29. Let n(y) = 2*p(y) + 9*x(y). Let b be n(-15). What is the highest common divisor of b and 38?
38
Let y = -4111 + 4495. Let o(k) = 49*k**2 + 2*k + 1. Let h be o(-1). What is the highest common divisor of h and y?
48
Let o be 3 + -1 - (11 + 1). Suppose 9*f = -183 + 615. Let g be (13/((-260)/f))/(4/o). Calculate the highest common factor of 30 and g.
6
Let p = 58 + -43. Let y(m) = 9*m - 35. Let u be y(p). Let h(j) = 3*j**2 - 2. Let b be h(3). What is the highest common divisor of u and b?
25
Let x be (-202)/(-16) - 3/(-1*(-16)/(-2)). Let b be 1*(-10)/(-2) - 2. Let j be (-7)/b*(-16 + x). Calculate the greatest common divisor of 7 and j.
7
Suppose -7*c = -4*c - k + 67, k + 2 = 0. Let b be ((-12)/(-4))/(-1)*(c + 6). Calculate the greatest common divisor of b and 17.
17
Let b(x) = -327*x + 2. Let k be b(-2). Suppose 657 + 559 = 76*w. Calculate the highest common divisor of k and w.
16
Let k(d) = -9*d + 66. Let p be k(7). Suppose o - p + 0 = 0. What is the highest common factor of o and 15?
3
Let x(v) = 14*v**3 + v**2. Let n be x(1). Suppose -103*l + 152 + 640 = -753. What is the greatest common divisor of n and l?
15
Let l be 4555/3*(11 + -31 + 14 + 12). What is the greatest common factor of 20 and l?
10
Let i = 4429 + -4419. Calculate the highest common factor of 3430 and i.
10
Let r(y) = y - 2. Let i be r(66). Calculate the highest common factor of i and 304.
16
Let o be (0/((-4)/(-2)))/1. Let q be (-2)/13 - (186/(-26) + o). Let g(j) = 2*j**2 - 6*j - 27. Let a be g(q). Calculate the highest common factor of 232 and a.
29
Let q(l) = l**3 - l**2 - 4*l - 2. Let w be q(0). Let o be 42/70 - ((-472)/5 - w). Calculate the greatest common factor of 62 and o.
31
Let y be (12 - (0 - -1)) + 3. Let k be (-72)/y*(-28)/6. Suppose 537 = 5*z - 3*q, -2*z + 7 = 3*q - 212. Calculate the greatest common divisor of k and z.
12
Suppose s - 746 = -176. Suppose -6*u = -s + 546. Calculate the highest common factor of 5 and u.
1
Let g be 43 - (4 - 5)*-2. Let b = g - 40. Let t be (4 - (-9)/(-3)) + 79*b. What is the greatest common divisor of 32 and t?
16
Let q(p) = -p + 4. Let y be q(0). Suppose -y*i + 0 = d - 11, 4*i + 5*d + 9 = 0. Calculate the greatest common divisor of 44 and i.
4
Suppose -174020 = -198*p - 22*p. Calculate the highest common divisor of p and 70.
7
Suppose 0 = -3*j + 5*x + 47, -8*x = j - 3*x - 29. Suppose 9*t = 13*t - 76. What is the highest common divisor of t and j?
19
Suppose -14*j + 562 = -26. Let y = -59 + 119. Suppose 3*z - y = 3. Calculate the greatest common factor of z and j.
21
Suppose 0 = -b + 6*b, 4*v + 1176 = 5*b. Let j = v + 477. Let a = j - 111. What is the highest common factor of 8 and a?
8
Suppose 99*w - 3203 - 388 = -72*w. What is the highest common factor of 34041 and w?
21
Let c(v) = -27*v - 64. Let u be c(-8). Suppose -g = 2*n - 3*g - u, n + 3*g - 84 = 0. What is the highest common divisor of 12 and n?
6
Suppose -19*o + 2*o = 3*o. Let m be (-1)/(-1) + 3 - (-51 - o). What is the greatest common divisor of 110 and m?
55
Suppose 511*x = -5*p + 512*x + 18754, 0 = -2*p + 2*x + 7508. What is the greatest common factor of p and 130?
10
Suppose 3*a + 61*a + 6*a = 53480. Calculate the highest common divisor of a and 191.
191
Let l(k) = 225 - 44*k - 32*k - 243. Let g be l(-3). Calculate the greatest common divisor of 42 and g.
42
Let i(u) = u**2 + 13*u + 17. Let t be i(-12). Suppose -30 = -t*l - 2*n, -5*n - 67 = -4*l - 10. Let x = 123 + -83. What is the highest common divisor of l and x?
8
Let k(t) = -2*t - 3. Let o be k(8). Suppose 35*n - 112 = 42*n. Let f = n - o. What is the highest common divisor of f and 51?
3
Let g(x) = x**3 + 19*x**2 + 61*x - 74. Let w be g(-13). What is the greatest common factor of w and 2352?
147
Suppose 147*q - 48 = 143*q. Let t = -64 + 256. Calculate the greatest common factor of t and q.
12
Let l(u) = -9*u + 3. Let y be l(-5). Suppose 0 = -2*t + 5*n + 69, 2*n - 12 = t - y. Suppose -4*w + 128 = 44. What is the greatest common factor of t and w?
21
Suppose 3*c = -5*h - c + 3104, -c = -1. Let d = -2219 + 2239. What is the greatest common factor of d and h?
20
Let q = -43825 + 43850. What is the greatest common divisor of q and 